{"id":1506,"date":"2026-04-29T08:42:03","date_gmt":"2026-04-29T08:42:03","guid":{"rendered":"https:\/\/ewamartynkien.com\/?page_id=1506"},"modified":"2026-04-29T08:43:53","modified_gmt":"2026-04-29T08:43:53","slug":"zajecia","status":"publish","type":"page","link":"https:\/\/ewamartynkien.com\/index.php\/zajecia\/","title":{"rendered":"Zaj\u0119cia"},"content":{"rendered":"\t\t<div data-elementor-type=\"wp-page\" data-elementor-id=\"1506\" class=\"elementor elementor-1506\">\n\t\t\t\t<div class=\"elementor-element elementor-element-130ebcfd e-flex e-con-boxed e-con e-parent\" data-id=\"130ebcfd\" data-element_type=\"container\" data-e-type=\"container\">\n\t\t\t\t\t<div class=\"e-con-inner\">\n\t\t<div class=\"elementor-element elementor-element-7cd407a8 e-grid e-con-full e-con e-child\" data-id=\"7cd407a8\" data-element_type=\"container\" data-e-type=\"container\">\n\t\t\t\t<div class=\"elementor-element elementor-element-33edd7d elementor-widget elementor-widget-text-editor\" data-id=\"33edd7d\" data-element_type=\"widget\" data-e-type=\"widget\" data-widget_type=\"text-editor.default\">\n\t\t\t\t\t\t\t\t\t<p><b>1. Przedszkola (dzieci 4+):<\/b><b><\/b><\/p><p><b>W Magicznym Lesie\u00a0<\/b>\u00a0\u2013 warsztaty opowiadania obrazem. Zaj\u0119cia literacko plastyczne. (czas trwania ustalamy indywidualnie).\u00a0<\/p><p><b>Zamkowe historie<\/b>\u00a0\u2013 wraz nietoperzem Mopkiem, dzieci tworz\u0105 za pomoc\u0105 form plastycznych przygod\u0119 na zamku. 45-60 min<\/p><p><b>Pomog\u0119 ci!\u00a0<\/b>\u2013 zaj\u0119cia interaktywne na podstawie ksi\u0105\u017cki \u201eMyszka w Paski i Pierwsza Pomoc\u201d.\u00a0<\/p><p><b>2. Szko\u0142a podstawowa (klasy 1-6)<\/b><b><\/b><\/p><p><b>Psie sprawki\u00a0<\/b>\u00a0\u2013 warsztaty literacko \u2013 plastyczne. Pakiet zaj\u0119\u0107 tw\u00f3rczego opowiadania dla dzieci. Poznajemy wierzenia, legendy i opowie\u015bci o psach. (czas trwania zaj\u0119\u0107 ustalamy indywidualnie)\u00a0<\/p><p><b>By\u0142 sobie \u017curaw\u2026<\/b>\u00a0\u2013 zaj\u0119cia literacko plastyczne podczas kt\u00f3rych uczniowie zapoznaj\u0105 si\u0119 z kultur\u0105 japo\u0144sk\u0105, a w tym ze sztuk\u0105 origami. Dla ch\u0119tnych nauka pisma japo\u0144skiego! (90 min.)\u00a0<\/p><p><b>Bazgro\u0142ki z podr\u00f3\u017cy<\/b>\u00a0\u2013 warsztaty inspirowane moj\u0105 ksi\u0105\u017ck\u0105 \u201eJadwiga Przygoda i Franciszek Wsz\u0119dobylski zwiedzaj\u0105 Europ\u0119\u201d. Dzieci poznaj\u0105 narz\u0119dzia, by stworzy\u0107 w\u0142asny dziennik\u00a0podr\u00f3\u017cy.\u00a0<\/p><p><b>Strachy na lachy<\/b>\u00a0\u2013 warsztaty inspirowane ksi\u0105\u017ck\u0105 \u201eMopek na tropie zamkowego ducha\u201d.\u00a0Zaj\u0119cia literacko \u2013 plastyczne. Tworzenie storytellingowej gry planszowej. (90 min.)<\/p><p><b>Smokowisko\u00a0<\/b>\u2013 zaj\u0119cia literacko \u2013 plastyczne. Podczas spotkania poznajemy legendy o polskich smokach i plastyczn\u0105 form\u0119 kola\u017cu 90 min.\u00a0<\/p><p><b>W Lesie Niezgody<\/b>\u00a0\u2013 warsztaty pisania scenariusza s\u0142uchowiska radiowego. (90 min.)<\/p><p><b>Kroniki botaniczne \u201eSzczelino\u0142apki\u201d\u00a0<\/b>\u2013 zaj\u0119cia ekologiczno \u2013 literackie. Tropimy ro\u015bliny w naszej okolicy i tworzymy wyj\u0105tkow\u0105 kronik\u0119. (Czas trwania zaj\u0119\u0107 ustalamy indywidualnie)\u00a0<\/p><p><b>2. Szko\u0142a podstawowa (klasy 7\u20138)<\/b><b><\/b><\/p><p><b>Gdyby wszyscy ludzie zamienili si\u0119 w chomiki\u2026<\/b>\u00a0\u2013 warsztaty wspieraj\u0105ce tw\u00f3rcze pisanie poprzez kreatywne \u0107wiczenia\u00a0z pisania. (45-60 min.)\u00a0<\/p><p><b>Biegn\u0105c ku gwie\u017adzie.<\/b>\u00a0Podczas warsztat\u00f3w uczniowie dostaj\u0105\u00a0narz\u0119dzia, by stworzy\u0107 w\u0142asne opowiadanie. (Czas trwania zaj\u0119\u0107 ustalamy indywidualnie)\u00a0\u00a0<\/p><p><b>Cisza na planie!\u00a0<\/b>\u2013 warsztaty tworzenia projektu dokumentalnego. Podczas warsztat\u00f3w dowiemy si\u0119 jak powstaje film dokumentalny, kim jest bohater dokumentu, gdzie ukrywa si\u0119 temat w filmie dokumentalnym. Stworzymy projekt filmu, szukaj\u0105c historii we w\u0142asnym otoczeniu. (60 \u2013 90 min.)<\/p><p><b>Zabawy z poezj\u0105\u00a0<\/b>\u2013 zaj\u0119cia tw\u00f3rczego pisania na podstawie tw\u00f3rczo\u015bci Wis\u0142awy Szymborskiej<\/p><p>Na @popisajkach poznajemy narz\u0119dzia potrzebne do tworzenia opowie\u015bci.<\/p><p>Dla przedszkoli<\/p><p>Poprzez tw\u00f3rcze dzia\u0142ania dzieci mog\u0105 aktywnie tworzy\u0107 swoje w\u0142asne opowie\u015bci w formie plastycznej. Kontakt z opowie\u015bci\u0105 poprzez zabaw\u0119 wspiera rozw\u00f3j zdolno\u015bci manualnych, wyobra\u017ani\u0119 i kreatywno\u015b\u0107 najm\u0142odszych. Daje te\u017c pretekst do oswajania zbli\u017caj\u0105cego si\u0119 procesu nauki czytania. Przez nieskr\u0119powane tworzenie dzieci w naturalny spos\u00f3b buduj\u0105 poczucie sprawczo\u015bci. Zaj\u0119cia dostosowane s\u0105 do wieku dzieci.<\/p><p>Warsztaty wspieraj\u0105 tak\u017ce:<\/p><p>\u2013 my\u015blenie przyczynowo \u2013 skutkowe,<\/p><p>\u2013 spontaniczno\u015b\u0107,<\/p><p>\u2013 naturaln\u0105 potrzeb\u0119 zabawy,<\/p><p>\u2013 wra\u017cliwo\u015b\u0107,<\/p><p>\u2013 poszukiwanie tw\u00f3rczych rozwi\u0105za\u0144,<\/p><p>\u2013 budowanie relacji z ksi\u0105\u017ck\u0105.<\/p><p>Dla szk\u00f3\u0142 podstawowych<\/p><p>Warsztaty rozwijaj\u0105 umiej\u0119tno\u015bci opowiadania zar\u00f3wno w formie pisemnej jak i poprzez sztuki plastyczne. Tworzenie w\u0142asnych historii w tym wieku jest sposobem na wyra\u017canie siebie, a tak\u017ce doskona\u0142ym \u0107wiczeniem kreatywno\u015bci oraz kszta\u0142cenia sprawczo\u015bci i krytycznego my\u015blenia.<\/p><p>Podczas zaj\u0119\u0107 uczniowie:<br \/>\u2013 ucz\u0105 si\u0119 wyra\u017ca\u0107 jasno i precyzyjnie,<\/p><p>\u2013 dostaj\u0105 narz\u0119dzia, by budowa\u0107 sp\u00f3jne teksty,<\/p><p>\u2013 poszerzaj\u0105 s\u0142ownictwo,<\/p><p>\u2013 tworz\u0105 sp\u00f3jne historie,<\/p><p>\u2013 wzmacniaj\u0105 umiej\u0119tno\u015b\u0107 pracy w zespole,<\/p><p>\u2013 dobrze si\u0119 bawi\u0105 i odkrywaj\u0105 swoje nowe talenty,<\/p><p>\u2013 buduj\u0105 relacje z ksi\u0105\u017ck\u0105,<\/p><p>\u2013 oswajaj\u0105 umiej\u0119tno\u015b\u0107 czytania poprzez tworzenie.<\/p>\t\t\t\t\t\t\t\t<\/div>\n\t\t\t\t<div class=\"elementor-element elementor-element-4ac44147 elementor-widget elementor-widget-image\" data-id=\"4ac44147\" data-element_type=\"widget\" data-e-type=\"widget\" data-widget_type=\"image.default\">\n\t\t\t\t\t\t\t\t\t\t\t\t\t\t\t<img fetchpriority=\"high\" decoding=\"async\" width=\"1024\" height=\"1024\" src=\"https:\/\/ewamartynkien.com\/wp-content\/uploads\/2026\/03\/2-1024x1024.png\" class=\"attachment-large size-large wp-image-276\" alt=\"\" srcset=\"https:\/\/ewamartynkien.com\/wp-content\/uploads\/2026\/03\/2-1024x1024.png 1024w, https:\/\/ewamartynkien.com\/wp-content\/uploads\/2026\/03\/2-300x300.png 300w, https:\/\/ewamartynkien.com\/wp-content\/uploads\/2026\/03\/2-150x150.png 150w, https:\/\/ewamartynkien.com\/wp-content\/uploads\/2026\/03\/2-768x768.png 768w, https:\/\/ewamartynkien.com\/wp-content\/uploads\/2026\/03\/2.png 1200w\" sizes=\"(max-width: 1024px) 100vw, 1024px\" \/>\t\t\t\t\t\t\t\t\t\t\t\t\t\t\t<\/div>\n\t\t\t\t<\/div>\n\t\t\t\t\t<\/div>\n\t\t\t\t<\/div>\n\t\t\t\t<\/div>\n\t\t","protected":false},"excerpt":{"rendered":"<p>1. Przedszkola (dzieci 4+): W Magicznym Lesie\u00a0\u00a0\u2013 warsztaty opowiadania obrazem. Zaj\u0119cia literacko plastyczne. (czas trwania ustalamy indywidualnie).\u00a0 Zamkowe historie\u00a0\u2013 wraz nietoperzem Mopkiem, dzieci tworz\u0105 za pomoc\u0105 form plastycznych przygod\u0119 na zamku. 45-60 min Pomog\u0119 ci!\u00a0\u2013 zaj\u0119cia interaktywne na podstawie ksi\u0105\u017cki \u201eMyszka w Paski i Pierwsza Pomoc\u201d.\u00a0 2. Szko\u0142a podstawowa (klasy 1-6) Psie sprawki\u00a0\u00a0\u2013 warsztaty literacko &hellip;<\/p>\n","protected":false},"author":2,"featured_media":0,"parent":0,"menu_order":0,"comment_status":"closed","ping_status":"closed","template":"","meta":{"footnotes":""},"class_list":["post-1506","page","type-page","status-publish","hentry"],"_links":{"self":[{"href":"https:\/\/ewamartynkien.com\/index.php\/wp-json\/wp\/v2\/pages\/1506","targetHints":{"allow":["GET"]}}],"collection":[{"href":"https:\/\/ewamartynkien.com\/index.php\/wp-json\/wp\/v2\/pages"}],"about":[{"href":"https:\/\/ewamartynkien.com\/index.php\/wp-json\/wp\/v2\/types\/page"}],"author":[{"embeddable":true,"href":"https:\/\/ewamartynkien.com\/index.php\/wp-json\/wp\/v2\/users\/2"}],"replies":[{"embeddable":true,"href":"https:\/\/ewamartynkien.com\/index.php\/wp-json\/wp\/v2\/comments?post=1506"}],"version-history":[{"count":4,"href":"https:\/\/ewamartynkien.com\/index.php\/wp-json\/wp\/v2\/pages\/1506\/revisions"}],"predecessor-version":[{"id":1510,"href":"https:\/\/ewamartynkien.com\/index.php\/wp-json\/wp\/v2\/pages\/1506\/revisions\/1510"}],"wp:attachment":[{"href":"https:\/\/ewamartynkien.com\/index.php\/wp-json\/wp\/v2\/media?parent=1506"}],"curies":[{"name":"wp","href":"https:\/\/api.w.org\/{rel}","templated":true}]}}